39 a prime number?
True
Is 10023587177 a prime number?
False
Is 1332490769 prime?
True
Is 54317646697 a composite number?
False
Is 4611120463 a composite number?
False
Is 381429827 a prime number?
True
Is 214285024303 a prime number?
False
Is 25136499247 a prime number?
True
Is 308130971 composite?
False
Is 13674977143 prime?
False
Is 2075696093 a composite number?
True
Is 705492481 a composite number?
False
Is 3931005739 prime?
False
Is 223021694549 a prime number?
False
Is 583644847 composite?
False
Is 547704641 composite?
True
Is 65512297 composite?
False
Is 234009119 a prime number?
False
Is 8629129702 a prime number?
False
Is 272064377 a composite number?
True
Is 1718850217 a prime number?
False
Is 240557753 prime?
True
Is 198883669 composite?
False
Is 5035917641 a composite number?
False
Is 4431257951 a prime number?
False
Is 228533923 composite?
False
Is 3797498807 prime?
False
Is 690994051 composite?
True
Is 286602179 prime?
True
Is 3291945577 a prime number?
True
Is 6591098851 composite?
False
Is 8981557595 a composite number?
True
Is 5083179061 a composite number?
True
Is 3243254015 a prime number?
False
Is 4435856347 a composite number?
True
Is 42364632703 a composite number?
True
Is 2171656105 composite?
True
Is 7938489487 a prime number?
False
Is 1098526361 composite?
False
Is 25792952749 a prime number?
True
Is 63288827509 composite?
True
Is 88291757 prime?
True
Is 452284655 composite?
True
Is 4008803609 a prime number?
False
Is 13770288123 a prime number?
False
Is 91609868341 composite?
True
Is 4558226339 a prime number?
True
Is 10002076573 composite?
True
Is 49087709 prime?
False
Is 134142581 a prime number?
False
Is 432397613 a composite number?
True
Is 6450711359 prime?
True
Is 32511287141 a prime number?
False
Is 7097755967 a prime number?
True
Is 1161720967 composite?
True
Is 1421942009 prime?
True
Is 180792419 composite?
True
Is 2168745487 prime?
False
Is 19674116831 a prime number?
True
Is 2588168941 a prime number?
False
Is 461053157 a composite number?
False
Is 1846093993 composite?
False
Is 95637736079 composite?
True
Is 1240719829 prime?
True
Is 1484217461 prime?
True
Is 53605980059 a composite number?
True
Is 902052429 composite?
True
Is 58339610989 a composite number?
True
Is 429588931 a composite number?
False
Is 12500353945 a composite number?
True
Is 6748277 composite?
False
Is 6897382693 composite?
True
Is 4463399 composite?
False
Is 963538553 prime?
False
Is 7667092859 prime?
False
Is 2765324245 a composite number?
True
Is 180329586521 prime?
False
Is 33280618379 a prime number?
True
Is 318606247 prime?
True
Is 340596569 composite?
True
Is 831902287 composite?
False
Is 85150859 prime?
True
Is 131615359 composite?
False
Is 861212809 composite?
True
Is 31459344947 a prime number?
False
Is 3480525863 prime?
False
Is 1885775597 prime?
False
Is 4875946441 a prime number?
False
Is 13934781209 composite?
True
Is 6542060461 composite?
False
Is 5939473451 a prime number?
True
Is 22388753719 composite?
False
Is 3097921111 a composite number?
True
Is 12334019431 prime?
True
Is 873551191 composite?
False
Is 3766654453 a composite number?
True
Is 15504507037 a prime number?
True
Is 9374680013 a composite number?
False
Is 32535644363 a composite number?
False
Is 9976265619 composite?
True
Is 187948349 composite?
True
Is 185832299 composite?
True
Is 1204949465 a composite number?
True
Is 2945077363 prime?
True
Is 1545623473 prime?
True
Is 6773982247 prime?
True
Is 6448726771 prime?
True
Is 294005327927 a composite number?
False
Is 3304697647 a prime number?
True
Is 478667659 composite?
True
Is 193998277433 a composite number?
False
Is 18170195903 a composite number?
False
Is 724423123 prime?
True
Is 1499116097 a prime number?
False
Is 65285826187 a prime number?
True
Is 3525770503 a prime number?
True
Is 151255649 a composite number?
True
Is 100778879437 a prime number?
True
Is 23736929 a composite number?
False
Is 110576281 a composite number?
True
Is 14798447471 a prime number?
True
Is 4757624671 a prime number?
True
Is 291103819 prime?
False
Is 255774602683 prime?
True
Is 96533611 prime?
False
Is 167748253 prime?
True
Is 11049701563 a prime number?
True
Is 510843037 prime?
False
Is 98323219 prime?
False
Is 176133733 a composite number?
True
Is 506712446 prime?
False
Is 5851653503 a composite number?
False
Is 4937653531 a composite number?
False
Is 164122921 a prime number?
True
Is 26842689841 prime?
False
Is 5885329 a composite number?
True
Is 12323795711 a composite number?
False
Is 19255594079 prime?
True
Is 22111291243 prime?
True
Is 66363478637 prime?
False
Is 400092527 composite?
False
Is 1580096822 prime?
False
Is 18421608287 prime?
False
Is 209599321 prime?
True
Is 1183213553 prime?
False
Is 417087967 a prime number?
True
Is 892508179 a composite number?
True
Is 4689955177 composite?
True
Is 35968349 a composite number?
True
Is 989721241 a composite number?
True
Is 22651867171 composite?
False
Is 18634227041 composite?
False
Is 1016359289 a prime number?
False
Is 3265482203 prime?
True
Is 81683206261 a prime number?
False
Is 10153006039 prime?
False
Is 4148622787 a composite number?
False
Is 3268922047 prime?
False
Is 75523495771 composite?
False
Is 1142778703 composite?
True
Is 2348110487 a prime number?
True
Is 1254696221 a prime number?
False
Is 36701248001 a prime number?
False
Is 160810445309 prime?
False
Is 89355107 prime?
True
Is 19703641351 a composite number?
False
Is 37129714309 prime?
True
Is 14203070533 a composite number?
True
Is 645848839 composite?
False
Is 1410207173 composite?
False
Is 4987039669 a composite number?
True
Is 88625901373 prime?
True
Is 6418254127 prime?
True
Is 37320279977 a prime number?
False
Is 1780784087 a composite number?
False
Is 38171127233 a composite number?
False
Is 270761303773 a composite number?
False
Is 6503571773 prime?
True
Is 1983402671 prime?
False
Is 36325213 a composite number?
False
Is 30868800637 a composite number?
False
Is 2763137551 a prime number?
False
Is 80207734799 composite?
True
Is 13906856477 a composite number?
True
Is 25934169397 a composite number?
True
Is 143776127 prime?
False
Is 7174281929 a composite number?
True
Is 77969206717 a prime number?
False
Is 22959727279 a composite number?
False
Is 11306118917 prime?
False
Is 318272023 a prime number?
True
Is 193132657 a prime number?
True
Is 61247069519 a prime number?
False
Is 12318562427 composite?
True
Is 8317266187 prime?
False
Is 6569189047 a prime number?
True
Is 728442343 a prime number?
True
Is 4785208847 a composite number?
True
Is 50191912009 a composite number?
False
Is 25861585471 a prime number?
False
Is 53020814221 a prime number?
True
Is 60424873 composite?
False
Is 692801761 composite?
True
Is 4814527093 a prime number?
True
Is 417402361 a composite number?
False
Is 435470755 a prime number?
False
Is 479004971 composite?
True
Is 149960298343 prime?
True
Is 2997006709 a composite number?
True
Is 15446048351 a prime number?
True
Is 661562665 prime?
False
Is 1706540447 composite?
False
Is 147604507 prime?
False
Is 1000673497 a prime number?
False
Is 5400396019 a prime number?
True
Is 4225122823 composite?
False
Is 21951596411 composite?
True
Is 8885237909 prime?
True
Is 9544995217 a prime number?
True
Is 9576299713 prime?
True
Is 1874659127 composite?
True
Is 778126901 a prime number?
False
Is 2927976991 a prime number?
True
Is 23412922457 prime?
True
Is 304590323 a prime number?
False
Is 294477129857 a prime number?
True
Is 181861321 a composite number?
False
Is 2019735527 composite?
True
Is 1185438029 prime?
False
Is 1271592697 prime?
False
Is 2019394217 a prime number?
True
Is 95941747063 a prime number?
True
Is 90816541 a prime number?
False
Is 1922894083 a prime number?
False
Is 124495286411 a prime number?
False
Is 3654022499 a prime number?
True
Is 725371397 composite?
False
Is 491054029 composite?
True
Is 4584465539 prime?
True
Is 34586470679 prime?
True
Is 923173117 a prime number?
False
Is 10247060893 composite?
False
Is 5930706161 composite?
True
Is 213385344431 a composite number?
True
Is 24085908689 prime?
False
Is 476765427 prime?
False
Is 24114697751 prime?
False
Is 2285503013 a composite number?
False
Is 13510746607 composite?
False
Is 27742345607 a prime number?
Fal